sands digit of 56526?
6
What is the tens digit of 1311?
1
What is the tens digit of 4217?
1
What is the hundreds digit of 1352?
3
What is the hundreds digit of 91869?
8
What is the thousands digit of 1532?
1
What is the tens digit of 116019?
1
What is the tens digit of 20729?
2
What is the tens digit of 8948?
4
What is the ten thousands digit of 32387?
3
What is the tens digit of 892?
9
What is the units digit of 148?
8
What is the units digit of 43?
3
What is the ten thousands digit of 169198?
6
What is the ten thousands digit of 57319?
5
What is the tens digit of 1082?
8
What is the tens digit of 2298?
9
What is the hundreds digit of 5238?
2
What is the hundreds digit of 4931?
9
What is the thousands digit of 5513?
5
What is the thousands digit of 22850?
2
What is the thousands digit of 17389?
7
What is the thousands digit of 19858?
9
What is the hundreds digit of 980?
9
What is the thousands digit of 23556?
3
What is the tens digit of 5854?
5
What is the tens digit of 2176?
7
What is the thousands digit of 16203?
6
What is the hundreds digit of 17050?
0
What is the hundreds digit of 4617?
6
What is the ten thousands digit of 16646?
1
What is the hundreds digit of 14442?
4
What is the hundreds digit of 152?
1
What is the thousands digit of 7586?
7
What is the hundreds digit of 31878?
8
What is the units digit of 12587?
7
What is the hundreds digit of 51285?
2
What is the tens digit of 5998?
9
What is the tens digit of 2313?
1
What is the thousands digit of 44085?
4
What is the tens digit of 78?
7
What is the thousands digit of 2453?
2
What is the units digit of 362?
2
What is the hundred thousands digit of 104935?
1
What is the hundreds digit of 1921?
9
What is the hundreds digit of 151?
1
What is the tens digit of 1296?
9
What is the thousands digit of 14078?
4
What is the thousands digit of 11242?
1
What is the tens digit of 979?
7
What is the tens digit of 1084?
8
What is the ten thousands digit of 91035?
9
What is the hundreds digit of 29361?
3
What is the units digit of 385?
5
What is the units digit of 1062?
2
What is the hundreds digit of 3238?
2
What is the tens digit of 28290?
9
What is the tens digit of 8034?
3
What is the units digit of 1084?
4
What is the ten thousands digit of 12378?
1
What is the tens digit of 10799?
9
What is the thousands digit of 7251?
7
What is the units digit of 9794?
4
What is the thousands digit of 1374?
1
What is the tens digit of 801?
0
What is the units digit of 2858?
8
What is the units digit of 2588?
8
What is the thousands digit of 8777?
8
What is the hundreds digit of 2737?
7
What is the hundreds digit of 5131?
1
What is the units digit of 6986?
6
What is the units digit of 17676?
6
What is the tens digit of 6354?
5
What is the tens digit of 924?
2
What is the hundreds digit of 3141?
1
What is the ten thousands digit of 76202?
7
What is the units digit of 23906?
6
What is the units digit of 10904?
4
What is the ten thousands digit of 109061?
0
What is the hundreds digit of 12815?
8
What is the units digit of 197?
7
What is the thousands digit of 6364?
6
What is the units digit of 53?
3
What is the hundreds digit of 3548?
5
What is the thousands digit of 1472?
1
What is the units digit of 21520?
0
What is the tens digit of 973?
7
What is the tens digit of 150128?
2
What is the hundreds digit of 3215?
2
What is the tens digit of 13310?
1
What is the units digit of 13710?
0
What is the ten thousands digit of 48626?
4
What is the hundreds digit of 73414?
4
What is the hundreds digit of 9806?
8
What is the hundreds digit of 1664?
6
What is the hundred thousands digit of 111067?
1
What is the hundreds digit of 1903?
9
What is the units digit of 2165?
5
What is the tens digit of 85?
8
What is the thousands digit of 4309?
4
What is the thousands digit of 47785?
7
What is the ten thousands digit of 74824?
7
What is the thousands digit of 82028?
2
What is the units digit of 1432?
2
What is the tens digit of 1075?
7
What is the tens digit of 21748?
4
What is the units digit of 335?
5
What is the hundreds digit of 760?
7
What is the tens digit of 12238?
3
What is the tens digit of 153?
5
What is the hundreds digit of 35279?
2
What is the units digit of 9?
9
What is the hundreds digit of 23786?
7
What is the tens digit of 2498?
9
What is the units digit of 560?
0
What is the hundreds digit of 2054?
0
What is the thousands digit of 13284?
3
What is the hundreds digit of 351?
3
What is the hundreds digit of 5661?
6
What is the units digit of 50735?
5
What is the tens digit of 13317?
1
What is the tens digit of 32199?
9
What is the ten thousands digit of 10495?
1
What is the units digit of 1739?
9
What is the units digit of 2201?
1
What is the thousands digit of 1883?
1
What is the tens digit of 18209?
0
What is the hundreds digit of 2368?
3
What is the hundreds digit of 32750?
7
What is the thousands digit of 38381?
8
What is the units digit of 3224?
4
What is the units digit of 103120?
0
What is the thousands digit of 9428?
9
What is the units digit of 90852?
2
What is the ten thousands digit of 10828?
1
What is the thousands digit of 1746?
1
What is the units digit of 66?
6
What is the tens digit of 3667?
6
What is the thousands digit of 10220?
0
What is the units digit of 11891?
1
What is the hundreds digit of 2071?
0
What is the hundreds digit of 138111?
1
What is the units digit of 11926?
6
What is the hundreds digit of 5424?
4
What is the hundreds digit of 342?
3
What is the tens digit of 122855?
5
What is the hundreds digit of 9639?
6
What is the tens digit of 4448?
4
What is the thousands digit of 5598?
5
What is the thousands digit of 26229?
6
What is the units digit of 11063?
3
What is the tens digit of 3635?
3
What is the thousands digit of 32342?
2
What is the hundreds digit of 2197?
1
What is the tens digit of 2434?
3
What is the thousands digit of 10637?
0
What is the ten thousands digit of 10261?
1
What is the tens digit of 695?
9
What is the units digit of 43507?
7
What is the units digit of 2280?
0
What is the hundreds digit of 12438?
4
What is the thousands digit of 22149?
2
What is the units digit of 9746?
6
What is the units digit of 583?
3
What is the ten thousands digit of 161652?
6
What is the thousands digit of 1623?
1
What is the hundreds digit of 2081?
0
What is the units digit of 24328?
8
What is the tens digit of 25307?
0
What is the units digit of 1978?
8
What is the units digit of 507?
7
What is the ten thousands digit of 17298?
1
What is the hundreds digit of 15661?
6
What is the tens digit of 59394?
9
What is the thousands digit of 128918?
8
What is the hundreds digit of 1396?
3
What is the thousands digit of 20527?
0
What is the ten thousands digit of 68712?
6
What is the units digit of 2767?
7
What is the hundreds digit of 9195?
1
What is the tens digit of 4183?
8
What is the tens digit of 8253?
5
What is the tens digit of 4982?
8
What is the thousands digit of 7750?
7
What is the tens digit of 6786?
8
What is the hundreds digit of 8269?
2
What is the hundreds digit of 3274?
2
What is the thousands digit of 64244?
4
What is the tens digit of 28954?
5
What is the thousands digit of 13199?
3
What is the tens digit of 20870?
7
What is the thousands digit of 8523?
8
What is the units digit of 9177?
7
What is the tens digit of 13699?
9
What is the tens digit of 204?
0
What is the tens digit of 1722?
2
What is the units digit of 1417?
7
What is the ten thousands digit of 11775?
1
What is the thousands digit of 19254?
9
What is the thousands digit of 39136?
9
What is the units digit of 273?
3
What is the thousands digit of 25960?
5
What is the units digit of 3951?
1
What is the tens digit of 7847?
4
What is the ten thousands digit of 11258?
1
What is the units digit of 14247?
7
What is the tens digit of 5841?
4
What is the thousands digit of 9231?
9
What is the tens digit of 7767?
6
What is the hundreds digit of 3403?
4
What is the thousands digit of 71236?
1
What is the units digit of 3820?
0
What is the units digit of 45381?
1
What is the ten thousands digit of 25410?
2
What is the thousands digit of 7298?
7
What is the tens digit of 10418?
1
What is the tens digit of 1147?
4
What is the units digit of 48?
8
What is the hundreds digit of 162217?
2
What is the tens digit of 478?
